
False
Does 433 divide 1522428?
True
Is 3 a factor of 165103?
False
Is 294 a factor of 80751?
False
Is 62 a factor of 4194769?
False
Does 22 divide 1371458?
True
Is 24559862 a multiple of 163?
True
Does 39 divide 551889?
True
Is 35 a factor of 141155?
True
Is 395 a factor of 2779361?
False
Does 2 divide 3233893?
False
Is 410486 a multiple of 239?
False
Is 74 a factor of 6498236?
True
Does 36 divide 5745571?
False
Is 175 a factor of 312981?
False
Is 6 a factor of 3570966?
True
Does 36 divide 723060?
True
Is 5 a factor of 2252308?
False
Does 18 divide 48329?
False
Is 380 a factor of 2735715?
False
Is 583973 a multiple of 529?
False
Does 14 divide 4636282?
True
Is 13 a factor of 396643?
True
Is 55 a factor of 484880?
True
Is 395 a factor of 453855?
True
Is 123 a factor of 268386?
True
Is 602197 a multiple of 149?
False
Is 12940352 a multiple of 236?
True
Is 4080130 a multiple of 88?
False
Is 108279 a multiple of 159?
True
Is 41481 a multiple of 4?
False
Is 134 a factor of 483882?
False
Does 557 divide 3734128?
True
Is 2365594 a multiple of 22?
True
Is 954147 a multiple of 222?
False
Is 48576 a multiple of 276?
True
Is 86 a factor of 2969641?
False
Is 26 a factor of 172726?
False
Is 65700 a multiple of 36?
True
Is 1221371 a multiple of 2?
False
Does 470 divide 3679477?
False
Is 14970 a multiple of 15?
True
Is 195822 a multiple of 129?
True
Is 9 a factor of 21210?
False
Does 19 divide 3162632?
False
Is 32270 a multiple of 45?
False
Is 224718 a multiple of 14?
False
Is 134 a factor of 203010?
True
Does 14 divide 259970?
False
Is 435564 a multiple of 3?
True
Is 52718 a multiple of 43?
True
Is 9 a factor of 172998?
True
Is 126 a factor of 11539552?
False
Is 3 a factor of 152567?
False
Does 925 divide 17694325?
True
Is 2829 a multiple of 23?
True
Is 14 a factor of 2989882?
True
Is 54144 a multiple of 188?
True
Does 11 divide 113816?
False
Is 107971 a multiple of 64?
False
Is 1113774 a multiple of 58?
True
Does 14 divide 3162062?
False
Is 61888 a multiple of 8?
True
Is 17 a factor of 4331638?
False
Is 1494388 a multiple of 76?
True
Does 19 divide 1734135?
False
Is 59 a factor of 112041?
True
Is 150241 a multiple of 127?
True
Is 39086 a multiple of 3?
False
Is 52 a factor of 10087?
False
Is 10 a factor of 709930?
True
Is 480821 a multiple of 11?
True
Is 56857 a multiple of 3?
False
Does 147 divide 33075?
True
Is 618 a factor of 2525766?
True
Does 23 divide 38295?
True
Is 105 a factor of 333579?
False
Does 180 divide 2867991?
False
Does 192 divide 41856?
True
Is 62 a factor of 506749?
False
Is 384741 a multiple of 9?
True
Is 2149065 a multiple of 137?
False
Is 1090827 a multiple of 820?
False
Does 256 divide 181536?
False
Does 562 divide 613704?
True
Is 6237924 a multiple of 1347?
False
Is 990189 a multiple of 269?
True
Does 130 divide 71849?
False
Is 2094078 a multiple of 170?
False
Is 51004 a multiple of 82?
True
Does 150 divide 14071050?
True
Is 24778 a multiple of 24?
False
Does 182 divide 109782?
False
Is 1471341 a multiple of 6?
False
Is 26 a factor of 60143?
False
Does 59 divide 608585?
True
Does 44 divide 143616?
True
Is 3 a factor of 199162?
False
Does 59 divide 2102288?
True
Is 143 a factor of 361504?
True
Is 252004 a multiple of 189?
False
Is 282561 a multiple of 21?
False
Is 795977 a multiple of 548?
False
Is 38 a factor of 72030?
False
Is 447160 a multiple of 8?
True
Does 803 divide 16216585?
True
Does 9 divide 2417831?
False
Is 322236 a multiple of 9?
True
Does 99 divide 22869?
True
Is 141460 a multiple of 10?
True
Is 67410 a multiple of 90?
True
Is 4422420 a multiple of 474?
True
Does 388 divide 5345390?
False
Does 826 divide 6247038?
True
Is 85851 a multiple of 30?
False
Is 1385373 a multiple of 180?
False
Does 137 divide 222077?
True
Does 66 divide 2192190?
True
Is 2252280 a multiple of 15?
True
Is 722297 a multiple of 223?
True
Is 1403056 a multiple of 8?
True
Is 345487 a multiple of 54?
False
Is 5062242 a multiple of 45?
False
Is 113 a factor of 931911?
True
Does 913 divide 991518?
True
Is 15 a factor of 29808?
False
Does 669 divide 221699?
False
Is 160 a factor of 989187?
False
Does 12 divide 328908?
True
Is 19279 even?
False
Is 4 a factor of 159250?
False
Does 15 divide 4108568?
False
Is 567 a factor of 9541161?
False
Is 9127229 a multiple of 163?
False
Is 338744 a multiple of 46?
True
Does 59 divide 756690?
False
Is 509 a factor of 1879166?
False
Does 21 divide 267645?
True
Is 12 a factor of 154435?
False
Is 154 a factor of 142653?
False
Is 265353 even?
False
Does 70 divide 12987310?
True
Does 127 divide 49530?
True
Is 18 a factor of 193282?
False
Does 317 divide 105829?
False
Is 186 a factor of 329964?
True
Is 25022640 a multiple of 24?
True
Does 7 divide 137302?
False
Is 284 a factor of 610032?
True
Does 238 divide 174014?
False
Is 316 a factor of 363084?
True
Is 61195 even?
False
Is 355188 a multiple of 4?
True
Does 59 divide 9523013?
True
Is 175030 a multiple of 536?
False
Does 212 divide 571764?
True
Does 64 divide 2752?
True
Does 12 divide 3396613?
False
Is 5 a factor of 17566?
False
Is 13 a factor of 37635?
True
Is 12 a factor of 57156?
True
Does 535 divide 701920?
True
Does 43 divide 426696?
False
Is 655 a factor of 457280?
False
Is 35 a factor of 34938?
False
Is 699254 a multiple of 422?
True
Is 3 a factor of 918891?
True
Does 269 divide 422868?
True
Is 206759 a multiple of 108?
False
Is 31050 a multiple of 9?
True
Is 177 a factor of 532550?
False
Is 4591740 a multiple of 309?
True
Is 24 a factor of 161448?
True
Is 30 a factor of 99720?
True
Is 55 a factor of 108273?
False
Does 228 divide 1057253?
False
Is 9 a factor of 1972755?
True
Is 6 a factor of 4580082?
True
Is 7 a factor of 2251772?
False
Does 7 divide 119567?
True
Is 39472 a multiple of 207?
False
Is 11 a factor of 3832609?
True
Is 132 a factor of 265716?
True
Does 11 divide 959442?
True
Is 71 a factor of 834052?
False
Does 55 divide 1685805?
True
Is 1600 a factor of 2404800?
True
Is 81097 a multiple of 394?
False
Is 80 a factor of 109600?
True
Is 645 a factor of 6293910?
True
Is 145 a factor of 36172?
False
Is 545509 a multiple of 194?
False
Is 674 a factor of 3544858?
False
Is 47 a factor of 509198?
True
Is 1617546 a multiple of 399?
True
Is 9 a factor of 1524825?
True
Does 46 divide 837253?
False
Is 58 a factor of 6359279?
False
Is 27 a factor of 129198?
False
Is 146257 a multiple of 24?
False
Is 2 a factor of 3086?
True
Does 288 divide 6330240?
True
Does 514 divide 2410146?
True
Is 681 a factor of 434394?
False
Is 20 a factor of 22349?
False
Is 502250 a multiple of 25?
True
Is 229 even?
False
Does 4 divide 45658?
False
Does 527 divide 2494818?
True
Is 10145626 a multiple of 33?
False
Is 821160 a multiple of 60?
True
Does 14 divide 18790535?
False
Is 16 a factor of 1041780?
False
Is 44 a factor of 2308020?
True
Does 24 divide 1740700?
False
Does 11 divide 2288628?
False
Does 440 divide 431200?
True
Does 249 divide 231570?
True
Is 14762445 a multiple of 335?
True
Is 7797933 a multiple of 9?
True
Is 5592661 a multiple of 37?
True
Is 105 a multiple of 7?
True
Is 164 a factor of 46114?
False
Is 222 a factor of 6216?
True
Is 47 a factor of 120281?
False
Is 4 a factor of 350020?
True
Does 28 divide 6140117?
False
Is 148767 a multiple of 24?
False
Is 1002 a factor of 5010000?
True
Does 7 divide 226548?
True
Is 10364 a multiple of 3?
False
Does 19 divide 653431?
False
Is 79493 a multiple of 3?
False
Is 357278 a multiple of 23?
False
Is 6 a factor of 2066994?
True
Does 455 divide 2477475?
True
Is 127 a factor of 1347597?
True
Is 14 a factor of 539350?
True
Does 40 divide 35876?
False
Does 459 divide 2755975?
False
Is 20 a factor of 40610?
False
Does 79 divide 2762335?
False
Is 1351960 a multiple of 365?
True
Does 31 divide 424793?
True
Is 149460 a multiple of 265?
True
Is 78 a factor of 212084?
False
Does 80 divide 335185?
False
Is 57 a factor of 1847655?
True
Is 3281323 a multiple of 16?
False
Is 1124445 a multiple of 280?
False
Is 11307 a multiple of 2?
False
Is 278663 a multiple of 517?
True
Is 1193780 a multiple of 140?
True
Is 91 a factor of 174838?
False
Is 714546 a multiple of 9?
True
Is 79092 a multiple of 169?
True
Is 2626087 a multiple of 76?
False
Does 44 divide 430012?
True
Is 153846 a multiple of 66?
True
Does 5 divide 107690?
True
Does 197 divide 5803562